at is -1b15be2 + b?
-1b15bd6
In base 6, what is -2213210431 + -4?
-2213210435
In base 8, what is -1115 - 125471?
-126606
In base 8, what is -4 - 220036663?
-220036667
In base 3, what is 2020 + -10210111011?
-10210101221
In base 10, what is 15539 - 49?
15490
In base 5, what is 3 + 40142213?
40142221
In base 14, what is 1c + ad5a93?
ad5ab1
In base 2, what is 10001011 - -1100100110010011?
1100101000011110
In base 15, what is -16d0701 + -3?
-16d0704
In base 16, what is -42a97 + 3?
-42a94
In base 4, what is 12322310111303 + 10?
12322310111313
In base 3, what is 1 - -101102111212?
101102111220
In base 9, what is -778236 + 18?
-778217
In base 13, what is ab254 + -50?
ab204
In base 6, what is -315 - 12133522?
-12134241
In base 2, what is -101011100100 + -100101001010?
-1010000101110
In base 6, what is -112045042 + -103?
-112045145
In base 12, what is -3869b1 + -39?
-386a2a
In base 13, what is 13610 - -3c0?
13a00
In base 3, what is 2 + 2221012101102001?
2221012101102010
In base 7, what is 354004 - -6606?
363613
In base 9, what is -368 - -2871858?
2871480
In base 3, what is 112200100220022 - 2?
112200100220020
In base 13, what is 0 - -7b96405?
7b96405
In base 9, what is 1334 - 17253?
-15818
In base 4, what is -11321121 - -10002?
-11311113
In base 2, what is 1000 - -1111101?
10000101
In base 16, what is -45f62 - 49?
-45fab
In base 11, what is -3a71 - 3803?
-7774
In base 4, what is 232 + 311210113?
311211011
In base 13, what is -1470 - -3555?
20b5
In base 14, what is 4670a2d - 0?
4670a2d
In base 5, what is 11221 + -332043?
-320322
In base 16, what is -4d4f - -14e?
-4c01
In base 16, what is af - e895?
-e7e6
In base 15, what is -28b716c + 8?
-28b7164
In base 2, what is 110000010000001001110 + 1101100010?
110000010001110110000
In base 16, what is a1e + -1c47?
-1229
In base 5, what is 44301 + 2323211?
2423012
In base 2, what is 1101110011010100010 - -11001011101?
1101110110011111111
In base 6, what is -2454 + -15053?
-21551
In base 3, what is 10010120221122122 + -10?
10010120221122112
In base 2, what is -1010111100000011101110011001 - 0?
-1010111100000011101110011001
In base 10, what is 615212 + -13?
615199
In base 6, what is 3005200 - -14240?
3023440
In base 15, what is 23 + 1ceb05?
1ceb28
In base 5, what is 22210410 + 3020?
22213430
In base 8, what is 26737 + 20732?
47671
In base 12, what is -6243 + 14?
-622b
In base 2, what is 10110011001001101110110 + 1?
10110011001001101110111
In base 15, what is -7b + 8d887?
8d80b
In base 6, what is 15421152 + -52?
15421100
In base 5, what is 3332 + 100122311?
100131143
In base 3, what is 10010200210210 + -111?
10010200210022
In base 14, what is 2d + a5736?
a5765
In base 9, what is 14534240 - -2?
14534242
In base 11, what is -4708 - -a9113?
a4506
In base 15, what is -5 + 27a052?
27a04c
In base 15, what is -4d929 - 24?
-4d94d
In base 4, what is -1220032 + -13221120?
-21101212
In base 2, what is 1110 + 1001110001011111100101?
1001110001011111110011
In base 8, what is -30672 - 25207?
-56101
In base 5, what is 4 + 3002043042?
3002043101
In base 9, what is -818 - 831823?
-832742
In base 3, what is -20122000011001 + 12?
-20122000010212
In base 7, what is 3 + -44324164?
-44324161
In base 4, what is 13212211 - -121222?
20000033
In base 12, what is 2a - -23b343?
23b371
In base 2, what is 1110 - -1100110101101101011100?
1100110101101101101010
In base 8, what is 144507702 - 1?
144507701
In base 6, what is -21103335440 + -2?
-21103335442
In base 13, what is 3081 + -209a6?
-1a925
In base 4, what is -122121 + 1110302?
322121
In base 16, what is 3 - -1396d8?
1396db
In base 10, what is 722790 + -3?
722787
In base 11, what is 1233103 - -75?
1233178
In base 7, what is 6 - 13241540?
-13241531
In base 14, what is -5da1920 - -1?
-5da191d
In base 10, what is -610436 + 45?
-610391
In base 9, what is -67 - -366206?
366128
In base 7, what is -51622 - 23303?
-105225
In base 2, what is 1101000000001101101100010 + 101?
1101000000001101101100111
In base 15, what is -15ba8 + -6b?
-15c24
In base 15, what is da6 + 592?
1448
In base 5, what is -1224034 - -34031?
-1140003
In base 16, what is -58c - 73?
-5ff
In base 6, what is 3 - 2034223441?
-2034223434
In base 5, what is 11431431341 + 10?
11431431401
In base 11, what is -8 - -674464?
674457
In base 14, what is -1175 - -9b5?
-5a0
In base 16, what is d98c65 - -15?
d98c7a
In base 3, what is -2120222200022 + 10112?
-2120222112210
In base 4, what is 20112323211023 - -20?
20112323211103
In base 6, what is 103 - -14532214?
14532321
In base 6, what is -31235 + 2224305?
2153030
In base 7, what is 21 - 22463446?
-22463425
In base 2, what is 1100001100 + -100101001001011100?
-100100111101010000
In base 5, what is -22 - -141304304?
141304232
In base 6, what is 1215023101 - 5?
1215023052
In base 10, what is 18488 + -39338?
-20850
In base 3, what is 11122121200120 + 2?
11122121200122
In base 11, what is -174a8634 + -4?
-174a8638
In base 8, what is -70552 + 57?
-70473
In base 16, what is -15efc + 1b?
-15ee1
In base 15, what is 44 - 21c5?
-2181
In base 6, what is -2 - 510232554?
-510233000
In base 12, what is 1060 - 14873?
-13813
In base 2, what is 100 - 100011100101011111000011?
-100011100101011110111111
In base 2, what is -1110111010010 - -100000111?
-1110011001011
In base 11, what is 33982 - -210?
34092
In base 2, what is 100100101101 + -1000110000011001111?
-1000101011110100010
In base 3, what is 1111200 - -22122001?
101010201
In base 5, what is -312 - -1111410112?
1111404300
In base 5, what is 4 - -1303403034?
1303403043
In base 2, what is 11 + -1110100111111110111?
-1110100111111110100
In base 8, what is -102114163 - 2?
-102114165
In base 8, what is 502 + -24173?
-23471
In base 11, what is -22222 + 0?
-22222
In base 9, what is 1634260 - -8?
1634268
In base 2, what is -10110110111100001000111101 + -1?
-10110110111100001000111110
In base 13, what is -4609a5 - -3?
-4609a2
In base 13, what is 12 - -80c74?
80c86
In base 3, what is 10 + 210100021012?
210100021022
In base 4, what is 213111203 + 1300101?
221011310
In base 13, what is 108c2a + 41?
108c6b
In base 4, what is 31020 - 13230301?
-13133221
In base 8, what is -5 - -56740373?
56740366
In base 10, what is -41157 + 76?
-41081
In base 11, what is -253745910 - 3?
-253745913
In base 4, what is 3 + -2000003230222?
-2000003230213
In base 5, what is 10 + -34200222331?
-34200222321
In base 4, what is -11 - 230133310231?
-230133310302
In base 11, what is 202 - 54582?
-54380
In base 9, what is 3418207 + -2?
3418205
In base 6, what is -10251 - -5113010?
5102315
In base 16, what is 3 + 3b5e6d?
3b5e70
In base 16, what is 8f + -26455?
-263c6
In base 16, what is e - -8cd0f?
8cd1d
In base 16, what is -40c59 - 57?
-40cb0
In base 7, what is 36120 + 1111?
40231
In base 14, what is -3940aa6d + 0?
-3940aa6d
In base 6, what is -30500123 + 22?
-30500101
In base 8, what is 3 + -610506?
-610503
In base 4, what is 11131120 - 10022?
11121032
In base 11, what is -2 - 5155090?
-5155092
In base 6, what is 10544123504 - 4?
10544123500
In base 15, what is -69 - 4e28e9?
-4e2963
In base 8, what is 2 + 23217017?
23217021
In base 12, what is 1703693b - -3?
17036942
In base 11, what is 37559 - -657?
38105
In base 15, what is 166b59 + 6a?
166bc4
In base 8, what is -1651315 - -101?
-1651214
In base 2, what is 11010100001101101000 + 111100110?
11010100010101001110
In base 13, what is -2c7 + -83424?
-8371b
In base 10, what is -316139 - 91?
-316230
In base 10, what is -4 + 9111620?
9111616
In base 12, what is 6980 + -b?
6971
In base 4, what is -32 + -1011000233?
-1011000331
In base 4, what is -11103220 + 2101?
-11101113
In base 15, what is -ac9a1315 + -5?
-ac9a131a
In base 15, what is -155b504 + e?
-155b4e5
In base 14, what is 111cd22 - 5?
111cd1b
In base 6, what is -4 + 40105054?
40105050
In base 13, what is -4cb78 + 4c5?
-4c683
In base 8, what is -1256144 + -341?
-1256505
In base 14, what is 1a6866 + 23?
1a6889
In base 7, what is 150436121 - 0?
150436121
In base 2, what is 11 + 101101100100000011111010111?
101101100100000011111011010
In base 4, what is -1111130120 - -123?
-1111123331
In base 5, what is -4 + 12404302421?
12404302412
In base 11, what is -33a90 - 2730?
-36710
In base 11, what is a6855a - 18?
a68542
In base 13, what is 393 - -1832c?
186c2
In base 16, what is 25d4 + -78d?
1e47
In base 